{"id":52,"date":"2020-03-27T14:23:20","date_gmt":"2020-03-27T14:23:20","guid":{"rendered":"https:\/\/wordpress.jugendpflege.de\/?page_id=52"},"modified":"2021-01-22T12:33:40","modified_gmt":"2021-01-22T12:33:40","slug":"kontakt","status":"publish","type":"page","link":"https:\/\/wordpress.jugendpflege.de\/?page_id=52","title":{"rendered":"Kontakt"},"content":{"rendered":"\n<div class=\"wp-block-media-text alignwide is-stacked-on-mobile\" style=\"grid-template-columns:30% auto\"><figure class=\"wp-block-media-text__media\"><img loading=\"lazy\" decoding=\"async\" width=\"211\" height=\"210\" src=\"https:\/\/wordpress.jugendpflege.de\/wp-content\/uploads\/2021\/01\/cropped-K_Ju-BHand-e1611244138924.png\" alt=\"\" class=\"wp-image-132 size-thumbnail\"\/><\/figure><div class=\"wp-block-media-text__content\">\n<hr class=\"wp-block-separator has-text-color has-background has-cyan-bluish-gray-background-color has-cyan-bluish-gray-color is-style-default\"\/>\n\n\n\n<p class=\"has-medium-font-size\">[K_Ju-B] <br>Stadtjugendpflege Schwalmstadt<br>Marktplatz 7<br>34613 Schwalmstadt<\/p>\n<\/div><\/div>\n\n\n\n<p>F\u00fcr eine Frage oder Anregungen k\u00f6nnen Sie folgendes Kontaktformular nutzen. Wir werden uns schnellstm\u00f6glich nach Eingang der E-Mail darum k\u00fcmmern.<\/p>\n\n\n\n<p><code>\r\n    <form method=\"post\" id=\"arcf-contact-form\">\r\n\r\n        <fieldset class=\"form-group\">\r\n            <label for=\"arcf-name\">Name<\/label>\r\n            <input type=\"text\" class=\"form-control\" id=\"arcf-name\" name=\"arcf-name\"\r\n\t\t\t\t                    placeholder=\"Max Mustermann\"\r\n\t\t\t\t                   value=\"\"\r\n                   required>\r\n        <\/fieldset>\r\n\r\n        <fieldset class=\"form-group\">\r\n            <label for=\"arcf-email\">E-Mail<\/label>\r\n            <input type=\"email\" class=\"form-control\" id=\"arcf-email\" name=\"arcf-email\"\r\n\t\t\t\t                    placeholder=\"max@mustermann.de\"\r\n\t\t\t\t                   value=\"\"\r\n                   required>\r\n        <\/fieldset>\r\n\r\n        <fieldset class=\"form-group\">\r\n            <label for=\"arcf-message\">Ihre Nachricht<\/label>\r\n            <textarea class=\"form-control\" id=\"arcf-message\" name=\"arcf-message\"\r\n\t\t\t\t                    placeholder=\"Geben Sie Ihre Nachricht an uns hier ein\"\r\n\t\t\t\t                      required><\/textarea>\r\n        <\/fieldset>\r\n\r\n\t\t            <fieldset class=\"form-group\">\r\n                <div class=\"g-recaptcha\"\r\n                     data-sitekey=\"6Lfw6zIaAAAAAFElFp6UC-Q8d5habS4m7tLAJQlH\"><\/div>\r\n            <\/fieldset>\r\n\t\t\r\n        <script type=\"text\/javascript\"\r\n                src=\"https:\/\/www.google.com\/recaptcha\/api.js?hl=de_DE\"><\/script>\r\n\r\n        <fieldset class=\"form-group\">\r\n\t\t\t                <button type=\"submit\" class=\"btn btn-primary\" name=\"arcf-submitted\">\r\n\t\t\t\t\tAbsenden                <\/button>\r\n\t\t\t        <\/fieldset>\r\n\r\n    <\/form>\r\n\r\n\t<\/code><\/p>\n","protected":false},"excerpt":{"rendered":"<p>F\u00fcr eine Frage oder Anregungen k\u00f6nnen Sie folgendes Kontaktformular nutzen. Wir werden uns schnellstm\u00f6glich nach Eingang der E-Mail darum k\u00fcmmern.<\/p>\n","protected":false},"author":1,"featured_media":0,"parent":0,"menu_order":0,"comment_status":"closed","ping_status":"closed","template":"","meta":{"footnotes":""},"class_list":["post-52","page","type-page","status-publish","hentry","latest_post"],"_links":{"self":[{"href":"https:\/\/wordpress.jugendpflege.de\/index.php?rest_route=\/wp\/v2\/pages\/52","targetHints":{"allow":["GET"]}}],"collection":[{"href":"https:\/\/wordpress.jugendpflege.de\/index.php?rest_route=\/wp\/v2\/pages"}],"about":[{"href":"https:\/\/wordpress.jugendpflege.de\/index.php?rest_route=\/wp\/v2\/types\/page"}],"author":[{"embeddable":true,"href":"https:\/\/wordpress.jugendpflege.de\/index.php?rest_route=\/wp\/v2\/users\/1"}],"replies":[{"embeddable":true,"href":"https:\/\/wordpress.jugendpflege.de\/index.php?rest_route=%2Fwp%2Fv2%2Fcomments&post=52"}],"version-history":[{"count":7,"href":"https:\/\/wordpress.jugendpflege.de\/index.php?rest_route=\/wp\/v2\/pages\/52\/revisions"}],"predecessor-version":[{"id":160,"href":"https:\/\/wordpress.jugendpflege.de\/index.php?rest_route=\/wp\/v2\/pages\/52\/revisions\/160"}],"wp:attachment":[{"href":"https:\/\/wordpress.jugendpflege.de\/index.php?rest_route=%2Fwp%2Fv2%2Fmedia&parent=52"}],"curies":[{"name":"wp","href":"https:\/\/api.w.org\/{rel}","templated":true}]}}